{"id":186,"date":"2019-07-18T15:41:40","date_gmt":"2019-07-18T13:41:40","guid":{"rendered":"http:\/\/www.anzianitorrepaduli.it\/?page_id=186"},"modified":"2023-06-15T09:13:29","modified_gmt":"2023-06-15T07:13:29","slug":"orari-museo","status":"publish","type":"page","link":"https:\/\/www.anzianitorrepaduli.it\/index.php\/orari-museo\/","title":{"rendered":"Orari Museo"},"content":{"rendered":"\t\t<div data-elementor-type=\"wp-page\" data-elementor-id=\"186\" class=\"elementor elementor-186\">\n\t\t\t\t\t\t<section class=\"elementor-section elementor-top-section elementor-element elementor-element-e1c1406 elementor-section-boxed elementor-section-height-default elementor-section-height-default\" data-id=\"e1c1406\" data-element_type=\"section\" data-e-type=\"section\">\n\t\t\t\t\t\t<div class=\"elementor-container elementor-column-gap-default\">\n\t\t\t\t\t<div class=\"elementor-column elementor-col-100 elementor-top-column elementor-element elementor-element-5c4ed3b\" data-id=\"5c4ed3b\" data-element_type=\"column\" data-e-type=\"column\">\n\t\t\t<div class=\"elementor-widget-wrap elementor-element-populated\">\n\t\t\t\t\t\t<div class=\"elementor-element elementor-element-6f395fa elementor-widget elementor-widget-image\" data-id=\"6f395fa\" data-element_type=\"widget\" data-e-type=\"widget\" data-widget_type=\"image.default\">\n\t\t\t\t<div class=\"elementor-widget-container\">\n\t\t\t\t\t\t\t\t\t\t\t\t\t\t\t<img fetchpriority=\"high\" decoding=\"async\" width=\"1024\" height=\"683\" src=\"https:\/\/www.anzianitorrepaduli.it\/wp-content\/uploads\/2021\/09\/IMG_3403-1024x683.jpg\" class=\"attachment-large size-large wp-image-494\" alt=\"Museo della civilt\u00e0 contadina\" srcset=\"https:\/\/www.anzianitorrepaduli.it\/wp-content\/uploads\/2021\/09\/IMG_3403-1024x683.jpg 1024w, https:\/\/www.anzianitorrepaduli.it\/wp-content\/uploads\/2021\/09\/IMG_3403-300x200.jpg 300w, https:\/\/www.anzianitorrepaduli.it\/wp-content\/uploads\/2021\/09\/IMG_3403-768x512.jpg 768w, https:\/\/www.anzianitorrepaduli.it\/wp-content\/uploads\/2021\/09\/IMG_3403-1536x1024.jpg 1536w, https:\/\/www.anzianitorrepaduli.it\/wp-content\/uploads\/2021\/09\/IMG_3403-2048x1365.jpg 2048w, https:\/\/www.anzianitorrepaduli.it\/wp-content\/uploads\/2021\/09\/IMG_3403-1620x1080.jpg 1620w\" sizes=\"(max-width: 1024px) 100vw, 1024px\" \/>\t\t\t\t\t\t\t\t\t\t\t\t\t\t\t<\/div>\n\t\t\t\t<\/div>\n\t\t\t\t\t<\/div>\n\t\t<\/div>\n\t\t\t\t\t<\/div>\n\t\t<\/section>\n\t\t\t\t<section class=\"elementor-section elementor-top-section elementor-element elementor-element-7fd25816 elementor-section-boxed elementor-section-height-default elementor-section-height-default\" data-id=\"7fd25816\" data-element_type=\"section\" data-e-type=\"section\">\n\t\t\t\t\t\t<div class=\"elementor-container elementor-column-gap-default\">\n\t\t\t\t\t<div class=\"elementor-column elementor-col-100 elementor-top-column elementor-element elementor-element-20f69935\" data-id=\"20f69935\" data-element_type=\"column\" data-e-type=\"column\">\n\t\t\t<div class=\"elementor-widget-wrap elementor-element-populated\">\n\t\t\t\t\t\t<div class=\"elementor-element elementor-element-42e98d88 elementor-widget elementor-widget-text-editor\" data-id=\"42e98d88\" data-element_type=\"widget\" data-e-type=\"widget\" data-widget_type=\"text-editor.default\">\n\t\t\t\t<div class=\"elementor-widget-container\">\n\t\t\t\t\t\t\t\t\t<p><\/p>\n<p><b><span style=\"font-family: var( --e-global-typography-text-font-family ), Sans-serif;\">GIORNI D&#8217;APERTURA:<\/span><br><\/b><\/p>\n<p>Marted\u00ec, Gioved\u00ec, Sabato e Domenica 10:00-13:00 e 17:00-20:00<\/p>\n<p><i><span style=\"font-family: var( --e-global-typography-text-font-family ), Sans-serif; font-weight: var( --e-global-typography-text-font-weight );\">L&#8217;ingresso \u00e8 consentito fino a 30 minuti prima della chiusura<\/span><\/i><\/p>\n<p><span style=\"font-family: var( --e-global-typography-text-font-family ), Sans-serif; font-weight: 700;\">GIORNI DI CHIUSURA:<\/span><br><\/p>\n<p><span style=\"font-family: var( --e-global-typography-text-font-family ), Sans-serif;\">Luned\u00ec, Mercoled\u00ec e Venerd\u00ec<\/span><\/p>\n<p><b style=\"font-family: var( --e-global-typography-text-font-family ), Sans-serif;\">PREZZO D&#8217;INGRESSO:<\/b><br><\/p>\n<p>\u20ac 1,00<\/p>\n<p>\u20ac 2,00 con Guida (almeno 5 persone)<\/p>\n<p><b style=\"font-family: var( --e-global-typography-text-font-family ), Sans-serif;\">INGRESSO GRATUITO PER:<\/b><\/p>\n<ul>\n<li>Bambini sotto i 6 anni di et\u00e0<\/li>\n<li>Persone portatrici di handicap con un familiare o un altro accompagnatore dei servizi socio sanitari<\/li>\n<li>Guide turistiche accompagnatrici di gruppi<\/li>\n<li>Interpreti turistici accompagnatori di gruppo<\/li>\n<\/ul><div><span style=\"font-family: var( --e-global-typography-text-font-family ), Sans-serif;\"><b>PER ULTERIORI INFORMAZIONI<\/b><\/span><\/div><div><b><br><\/b><span style=\"font-family: var( --e-global-typography-text-font-family ), Sans-serif; font-weight: var( --e-global-typography-text-font-weight );\">+39.3294378774&nbsp;<\/span><\/div><p>anzianitorrepaduli@tiscali.it<\/p>\n<p><\/p>\t\t\t\t\t\t\t\t<\/div>\n\t\t\t\t<\/div>\n\t\t\t\t\t<\/div>\n\t\t<\/div>\n\t\t\t\t\t<\/div>\n\t\t<\/section>\n\t\t\t\t<\/div>\n\t\t","protected":false},"excerpt":{"rendered":"<p>GIORNI D&#8217;APERTURA: Marted\u00ec, Gioved\u00ec, Sabato e Domenica 10:00-13:00 e 17:00-20:00 L&#8217;ingresso \u00e8 consentito fino a 30 minuti prima della chiusura GIORNI DI CHIUSURA: Luned\u00ec, Mercoled\u00ec e Venerd\u00ec PREZZO D&#8217;INGRESSO: \u20ac 1,00 \u20ac 2,00 con Guida (almeno 5 persone) INGRESSO GRATUITO PER: Bambini sotto i 6 anni di et\u00e0 Persone portatrici di handicap con un familiare&hellip; <br \/> <a class=\"read-more\" href=\"https:\/\/www.anzianitorrepaduli.it\/index.php\/orari-museo\/\">Leggi tutto<\/a><\/p>\n","protected":false},"author":1,"featured_media":0,"parent":0,"menu_order":0,"comment_status":"closed","ping_status":"closed","template":"","meta":{"footnotes":""},"class_list":["post-186","page","type-page","status-publish","hentry"],"_links":{"self":[{"href":"https:\/\/www.anzianitorrepaduli.it\/index.php\/wp-json\/wp\/v2\/pages\/186","targetHints":{"allow":["GET"]}}],"collection":[{"href":"https:\/\/www.anzianitorrepaduli.it\/index.php\/wp-json\/wp\/v2\/pages"}],"about":[{"href":"https:\/\/www.anzianitorrepaduli.it\/index.php\/wp-json\/wp\/v2\/types\/page"}],"author":[{"embeddable":true,"href":"https:\/\/www.anzianitorrepaduli.it\/index.php\/wp-json\/wp\/v2\/users\/1"}],"replies":[{"embeddable":true,"href":"https:\/\/www.anzianitorrepaduli.it\/index.php\/wp-json\/wp\/v2\/comments?post=186"}],"version-history":[{"count":17,"href":"https:\/\/www.anzianitorrepaduli.it\/index.php\/wp-json\/wp\/v2\/pages\/186\/revisions"}],"predecessor-version":[{"id":736,"href":"https:\/\/www.anzianitorrepaduli.it\/index.php\/wp-json\/wp\/v2\/pages\/186\/revisions\/736"}],"wp:attachment":[{"href":"https:\/\/www.anzianitorrepaduli.it\/index.php\/wp-json\/wp\/v2\/media?parent=186"}],"curies":[{"name":"wp","href":"https:\/\/api.w.org\/{rel}","templated":true}]}}